{"id":3189,"date":"2022-04-25T15:12:34","date_gmt":"2022-04-25T19:12:34","guid":{"rendered":"http:\/\/www.cecileboucher.com\/?page_id=3189"},"modified":"2025-01-20T16:32:23","modified_gmt":"2025-01-20T21:32:23","slug":"2022-2","status":"publish","type":"page","link":"https:\/\/www.cecileboucher.com\/?page_id=3189","title":{"rendered":"2022"},"content":{"rendered":"<div class=\"su-custom-gallery su-custom-gallery-align-left su-custom-gallery-title-never su-lightbox-gallery\"><div class=\"su-custom-gallery-slide\" style=\"width:90px;height:90px\"><a href=\"https:\/\/www.cecileboucher.com\/wp-content\/uploads\/2022\/04\/rencontre-estampe-numerique-22-cm-x-25-cm-scaled.jpg\" title=\"Rencontre &#8211; estampe num\u00e9rique, 43 cm x 56cm, 2022\"><img loading=\"lazy\" decoding=\"async\" src=\"https:\/\/www.cecileboucher.com\/wp-content\/uploads\/2022\/04\/rencontre-estampe-numerique-22-cm-x-25-cm-scaled.jpg\" alt=\"Rencontre &#8211; estampe num\u00e9rique, 43 cm x 56cm, 2022\" width=\"90\" height=\"90\" \/><span class=\"su-custom-gallery-title\">Rencontre &#8211; estampe num\u00e9rique, 43 cm x 56cm, 2022<\/span><\/a><\/div><div class=\"su-custom-gallery-slide\" style=\"width:90px;height:90px\"><a href=\"https:\/\/www.cecileboucher.com\/wp-content\/uploads\/2022\/04\/Rea-et-Andre-nouveau.jpg\" title=\"Adaptation &#8211; estampe num\u00e9rique, 43 cm x 56 cm, 2022\"><img loading=\"lazy\" decoding=\"async\" src=\"https:\/\/www.cecileboucher.com\/wp-content\/uploads\/2022\/04\/Rea-et-Andre-nouveau-90x90.jpg\" alt=\"Adaptation &#8211; estampe num\u00e9rique, 43 cm x 56 cm, 2022\" width=\"90\" height=\"90\" \/><span class=\"su-custom-gallery-title\">Adaptation &#8211; estampe num\u00e9rique, 43 cm x 56 cm, 2022<\/span><\/a><\/div><div class=\"su-custom-gallery-slide\" style=\"width:90px;height:90px\"><a href=\"https:\/\/www.cecileboucher.com\/wp-content\/uploads\/2022\/04\/Rea-et-Andre-dernier.jpg\" title=\"La confirmation &#8211; estampe num\u00e9rique, 56 cm x 43 cm, 2022\"><img loading=\"lazy\" decoding=\"async\" src=\"https:\/\/www.cecileboucher.com\/wp-content\/uploads\/2022\/04\/Rea-et-Andre-dernier-90x90.jpg\" alt=\"La confirmation &#8211; estampe num\u00e9rique, 56 cm x 43 cm, 2022\" width=\"90\" height=\"90\" \/><span class=\"su-custom-gallery-title\">La confirmation &#8211; estampe num\u00e9rique, 56 cm x 43 cm, 2022<\/span><\/a><\/div><div class=\"su-custom-gallery-slide\" style=\"width:90px;height:90px\"><a href=\"https:\/\/www.cecileboucher.com\/wp-content\/uploads\/2022\/04\/Andre-dernier.jpg\" title=\"Rapatrier &#8211; estampe num\u00e9rique. 56 cm x 43 cm, 2022\"><img loading=\"lazy\" decoding=\"async\" src=\"https:\/\/www.cecileboucher.com\/wp-content\/uploads\/2022\/04\/Andre-dernier-90x90.jpg\" alt=\"Rapatrier &#8211; estampe num\u00e9rique. 56 cm x 43 cm, 2022\" width=\"90\" height=\"90\" \/><span class=\"su-custom-gallery-title\">Rapatrier &#8211; estampe num\u00e9rique. 56 cm x 43 cm, 2022<\/span><\/a><\/div><div class=\"su-custom-gallery-slide\" style=\"width:90px;height:90px\"><a href=\"https:\/\/www.cecileboucher.com\/wp-content\/uploads\/2022\/04\/Distanciation-scaled.jpg\" title=\"Distanciation &#8211; estampe num\u00e9rique, 43 cm x 56 cm, 2022\"><img loading=\"lazy\" decoding=\"async\" src=\"https:\/\/www.cecileboucher.com\/wp-content\/uploads\/2022\/04\/Distanciation-scaled.jpg\" alt=\"Distanciation &#8211; estampe num\u00e9rique, 43 cm x 56 cm, 2022\" width=\"90\" height=\"90\" \/><span class=\"su-custom-gallery-title\">Distanciation &#8211; estampe num\u00e9rique, 43 cm x 56 cm, 2022<\/span><\/a><\/div><div class=\"su-custom-gallery-slide\" style=\"width:90px;height:90px\"><a href=\"https:\/\/www.cecileboucher.com\/wp-content\/uploads\/2022\/04\/03_-Les-femmes-derriere_2022_-estanpe-numerique-sur-papier-Epson-Hot-Press-Bright_-56-cm-x-43-cm_-800-.jpg\" title=\"Les femmes derri\u00e8re &#8211; estanpe num\u00e9rique, 43 cm x 56 cm, 2022\"><img loading=\"lazy\" decoding=\"async\" src=\"https:\/\/www.cecileboucher.com\/wp-content\/uploads\/2022\/04\/03_-Les-femmes-derriere_2022_-estanpe-numerique-sur-papier-Epson-Hot-Press-Bright_-56-cm-x-43-cm_-800--90x90.jpg\" alt=\"Les femmes derri\u00e8re &#8211; estanpe num\u00e9rique, 43 cm x 56 cm, 2022\" width=\"90\" height=\"90\" \/><span class=\"su-custom-gallery-title\">Les femmes derri\u00e8re &#8211; estanpe num\u00e9rique, 43 cm x 56 cm, 2022<\/span><\/a><\/div><div class=\"su-custom-gallery-slide\" style=\"width:90px;height:90px\"><a href=\"https:\/\/www.cecileboucher.com\/wp-content\/uploads\/2022\/04\/Rea-et-Andre-dernier-1-scaled.jpg\" title=\"Retrouvaille &#8211; estampe num\u00e9rique, 43 cm x 56 cm, 2022\"><img loading=\"lazy\" decoding=\"async\" src=\"https:\/\/www.cecileboucher.com\/wp-content\/uploads\/2022\/04\/Rea-et-Andre-dernier-1-scaled.jpg\" alt=\"Retrouvaille &#8211; estampe num\u00e9rique, 43 cm x 56 cm, 2022\" width=\"90\" height=\"90\" \/><span class=\"su-custom-gallery-title\">Retrouvaille &#8211; estampe num\u00e9rique, 43 cm x 56 cm, 2022<\/span><\/a><\/div><div class=\"su-clear\"><\/div><\/div>\n<p>D\u00e9placements de populations, fuites en urgence d\u2019un quotidien trop p\u00e9nible. Changements et bouleversements caus\u00e9s par pand\u00e9mie, complots, d\u00e9sinformation, conflits\u00a0: r\u00e9silience et adaptation pour assurer notre survie, mentale autant que physique. Demeurer soi-m\u00eame, persister dans un contexte incertain. Nos habitudes sont boulevers\u00e9es par des \u00e9v\u00e8nements ext\u00e9rieurs, mais c\u2019est \u00e0 l\u2019int\u00e9rieur qu\u2019on se retrouve, \u00e0 l\u2019int\u00e9rieur des logis, \u00e0 l\u2019int\u00e9rieur de nous-m\u00eames.<\/p>\n<p>Tourbillons, d\u00e9ferlements, d\u00e9cha\u00eenements, bouleversements nous confrontent. Les peuples sont emport\u00e9s dans un tsunami de questionnements. Tous et toutes per\u00e7oivent l\u2019incertitude du moment, et leurs r\u00e9ponses sont diverses, parfois coh\u00e9rentes, parfois \u00e9piques, parfois al\u00e9atoires, ailleurs\u00a0: douteuses ou fluctuantes.<\/p>\n<p>Temps troubles o\u00f9 les extr\u00e9mismes pullulent, au fil des intelligences trompeuses, factices ou artificielles. La pagaille mijote et s\u2019installe \u00e0 demeure.<\/p>\n<p>Les ann\u00e9es 2020-2022 resteront dans les m\u00e9moires.<\/p>\n","protected":false},"excerpt":{"rendered":"<p>D\u00e9placements de populations, fuites en urgence d\u2019un quotidien trop p\u00e9nible. Changements et bouleversements caus\u00e9s par pand\u00e9mie, complots, d\u00e9sinformation, conflits\u00a0: r\u00e9silience et adaptation pour assurer notre survie, mentale autant que physique. Demeurer soi-m\u00eame, persister dans un contexte incertain. Nos habitudes sont boulevers\u00e9es par des \u00e9v\u00e8nements ext\u00e9rieurs, mais c\u2019est \u00e0 l\u2019int\u00e9rieur qu\u2019on se retrouve, \u00e0 l\u2019int\u00e9rieur des [&hellip;]<\/p>\n","protected":false},"author":1,"featured_media":0,"parent":0,"menu_order":0,"comment_status":"closed","ping_status":"closed","template":"","meta":{"footnotes":""},"class_list":["post-3189","page","type-page","status-publish","hentry"],"_links":{"self":[{"href":"https:\/\/www.cecileboucher.com\/index.php?rest_route=\/wp\/v2\/pages\/3189","targetHints":{"allow":["GET"]}}],"collection":[{"href":"https:\/\/www.cecileboucher.com\/index.php?rest_route=\/wp\/v2\/pages"}],"about":[{"href":"https:\/\/www.cecileboucher.com\/index.php?rest_route=\/wp\/v2\/types\/page"}],"author":[{"embeddable":true,"href":"https:\/\/www.cecileboucher.com\/index.php?rest_route=\/wp\/v2\/users\/1"}],"replies":[{"embeddable":true,"href":"https:\/\/www.cecileboucher.com\/index.php?rest_route=%2Fwp%2Fv2%2Fcomments&post=3189"}],"version-history":[{"count":19,"href":"https:\/\/www.cecileboucher.com\/index.php?rest_route=\/wp\/v2\/pages\/3189\/revisions"}],"predecessor-version":[{"id":3335,"href":"https:\/\/www.cecileboucher.com\/index.php?rest_route=\/wp\/v2\/pages\/3189\/revisions\/3335"}],"wp:attachment":[{"href":"https:\/\/www.cecileboucher.com\/index.php?rest_route=%2Fwp%2Fv2%2Fmedia&parent=3189"}],"curies":[{"name":"wp","href":"https:\/\/api.w.org\/{rel}","templated":true}]}}