{"id":851,"date":"2014-05-21T14:50:57","date_gmt":"2014-05-21T18:50:57","guid":{"rendered":"http:\/\/www.cecileboucher.com\/?page_id=851"},"modified":"2023-02-07T18:17:43","modified_gmt":"2023-02-07T23:17:43","slug":"2006-bio-bio","status":"publish","type":"page","link":"http:\/\/www.cecileboucher.com\/?page_id=851","title":{"rendered":"2003 Des choses abjectes"},"content":{"rendered":"<p style=\"text-align: justify;\">Je questionne les valeurs actuelles de nos soci\u00e9t\u00e9s bas\u00e9es sur l\u2019apparence, l\u2019image et la beaut\u00e9. Aussi, notre incapacit\u00e9 intrins\u00e8que \u00e0 regarder et admettre l\u2019inusit\u00e9, la diff\u00e9rence, l\u2019<em>erreur <\/em>face \u00e0 ce que m\u00e9dias et technologies nous proposent et imposent comme normalit\u00e9 incontestable. \u00c9poque de r\u00e9volution et de manipulations g\u00e9n\u00e9tiques multiples, \u00e9poque de red\u00e9finition de l\u2019espace-temps avec Internet, avec la manipulation de l\u2019information et de l\u2019image \u00e9lectronique.<\/p>\n<p style=\"text-align: justify;\"><span style=\"font-size: 1rem;\"><div class=\"su-custom-gallery su-custom-gallery-align-left su-custom-gallery-title-never su-lightbox-gallery\"><div class=\"su-custom-gallery-slide\" style=\"width:90px;height:90px\"><a href=\"http:\/\/www.cecileboucher.com\/wp-content\/uploads\/2014\/05\/1.jpg\" title=\"Abjection 1, estampe num\u00e9rique sur papier mont\u00e9 sur foam core, 213 x 76 cm, Axe N\u00e9o7, 2003\"><img loading=\"lazy\" decoding=\"async\" src=\"http:\/\/www.cecileboucher.com\/wp-content\/uploads\/2014\/05\/1-90x90.jpg\" alt=\"Abjection 1, estampe num\u00e9rique sur papier mont\u00e9 sur foam core, 213 x 76 cm, Axe N\u00e9o7, 2003\" width=\"90\" height=\"90\" \/><span class=\"su-custom-gallery-title\">Abjection 1, estampe num\u00e9rique sur papier mont\u00e9 sur foam core, 213 x 76 cm, Axe N\u00e9o7, 2003<\/span><\/a><\/div><div class=\"su-custom-gallery-slide\" style=\"width:90px;height:90px\"><a href=\"http:\/\/www.cecileboucher.com\/wp-content\/uploads\/2014\/05\/2.jpg\" title=\"Abjection 2, estampe num\u00e9rique sur papier et sur ac\u00e9tate, 213 x 76 cm, Axe N\u00e9o7, 2003 &#8211; Texte: Dani\u00e8le Vall\u00e9e\"><img loading=\"lazy\" decoding=\"async\" src=\"http:\/\/www.cecileboucher.com\/wp-content\/uploads\/2014\/05\/2-90x90.jpg\" alt=\"Abjection 2, estampe num\u00e9rique sur papier et sur ac\u00e9tate, 213 x 76 cm, Axe N\u00e9o7, 2003 &#8211; Texte: Dani\u00e8le Vall\u00e9e\" width=\"90\" height=\"90\" \/><span class=\"su-custom-gallery-title\">Abjection 2, estampe num\u00e9rique sur papier et sur ac\u00e9tate, 213 x 76 cm, Axe N\u00e9o7, 2003 &#8211; Texte: Dani\u00e8le Vall\u00e9e<\/span><\/a><\/div><div class=\"su-custom-gallery-slide\" style=\"width:90px;height:90px\"><a href=\"http:\/\/www.cecileboucher.com\/wp-content\/uploads\/2014\/05\/a.jpg\" title=\"Abjection a, impression num\u00e9rique sur papier et sur ac\u00e9tate, 213 x 76 cm, Axe N\u00e9o7, 2003 &#8211; texte &#8211; Dani\u00e8le Vall\u00e9e :  \u00ab Un jour, l&rsquo;enfant remarque une cicatrice profonde dans la chair de l&rsquo;orme. Il ins\u00e8re le bout de ses doigts et \u00e9tonnament, toujours plus loin chaque jour. Si bien, qu&rsquo;au bout d&rsquo;une semaine, l&rsquo;orifice gobe son bras jusqu&rsquo;au coude. \u00bb\"><img loading=\"lazy\" decoding=\"async\" src=\"http:\/\/www.cecileboucher.com\/wp-content\/uploads\/2014\/05\/a-90x90.jpg\" alt=\"Abjection a, impression num\u00e9rique sur papier et sur ac\u00e9tate, 213 x 76 cm, Axe N\u00e9o7, 2003 &#8211; texte &#8211; Dani\u00e8le Vall\u00e9e :  \u00ab Un jour, l&rsquo;enfant remarque une cicatrice profonde dans la chair de l&rsquo;orme. Il ins\u00e8re le bout de ses doigts et \u00e9tonnament, toujours plus loin chaque jour. Si bien, qu&rsquo;au bout d&rsquo;une semaine, l&rsquo;orifice gobe son bras jusqu&rsquo;au coude. \u00bb\" width=\"90\" height=\"90\" \/><span class=\"su-custom-gallery-title\">Abjection a, impression num\u00e9rique sur papier et sur ac\u00e9tate, 213 x 76 cm, Axe N\u00e9o7, 2003 &#8211; texte &#8211; Dani\u00e8le Vall\u00e9e :  \u00ab Un jour, l&rsquo;enfant remarque une cicatrice profonde dans la chair de l&rsquo;orme. Il ins\u00e8re le bout de ses doigts et \u00e9tonnament, toujours plus loin chaque jour. Si bien, qu&rsquo;au bout d&rsquo;une semaine, l&rsquo;orifice gobe son bras jusqu&rsquo;au coude. \u00bb<\/span><\/a><\/div><div class=\"su-custom-gallery-slide\" style=\"width:90px;height:90px\"><a href=\"http:\/\/www.cecileboucher.com\/wp-content\/uploads\/2014\/05\/b.jpg\" title=\"Abjection b, estampe num\u00e9rique sur papier et sur ac\u00e9tate, 213 x 76 cm, Axe N\u00e9o7, 2003 &#8211; texte &#8211; Dani\u00e8le Vall\u00e9e : \u00ab Encore quelque temps et son \u00e9paule y p\u00e9n\u00e8tre, et son torse, et ses jambes. \u00bb\"><img loading=\"lazy\" decoding=\"async\" src=\"http:\/\/www.cecileboucher.com\/wp-content\/uploads\/2014\/05\/b-90x90.jpg\" alt=\"Abjection b, estampe num\u00e9rique sur papier et sur ac\u00e9tate, 213 x 76 cm, Axe N\u00e9o7, 2003 &#8211; texte &#8211; Dani\u00e8le Vall\u00e9e : \u00ab Encore quelque temps et son \u00e9paule y p\u00e9n\u00e8tre, et son torse, et ses jambes. \u00bb\" width=\"90\" height=\"90\" \/><span class=\"su-custom-gallery-title\">Abjection b, estampe num\u00e9rique sur papier et sur ac\u00e9tate, 213 x 76 cm, Axe N\u00e9o7, 2003 &#8211; texte &#8211; Dani\u00e8le Vall\u00e9e : \u00ab Encore quelque temps et son \u00e9paule y p\u00e9n\u00e8tre, et son torse, et ses jambes. \u00bb<\/span><\/a><\/div><div class=\"su-custom-gallery-slide\" style=\"width:90px;height:90px\"><a href=\"http:\/\/www.cecileboucher.com\/wp-content\/uploads\/2014\/05\/c.jpg\" title=\"Abjection c, estampe num\u00e9rique sur papier et sur ac\u00e9tate, 213 x 72 cm, Axe N\u00e9o7, 2003 &#8211; texte &#8211; Dani\u00e8le Vall\u00e9e : \u00ab L&rsquo;enfant rampe alors jusqu&rsquo;au coeur de l&rsquo;orme. S&rsquo;y installe, S&rsquo;y sent bien. Y grandit.  \u00bb\"><img loading=\"lazy\" decoding=\"async\" src=\"http:\/\/www.cecileboucher.com\/wp-content\/uploads\/2014\/05\/c-90x90.jpg\" alt=\"Abjection c, estampe num\u00e9rique sur papier et sur ac\u00e9tate, 213 x 72 cm, Axe N\u00e9o7, 2003 &#8211; texte &#8211; Dani\u00e8le Vall\u00e9e : \u00ab L&rsquo;enfant rampe alors jusqu&rsquo;au coeur de l&rsquo;orme. S&rsquo;y installe, S&rsquo;y sent bien. Y grandit.  \u00bb\" width=\"90\" height=\"90\" \/><span class=\"su-custom-gallery-title\">Abjection c, estampe num\u00e9rique sur papier et sur ac\u00e9tate, 213 x 72 cm, Axe N\u00e9o7, 2003 &#8211; texte &#8211; Dani\u00e8le Vall\u00e9e : \u00ab L&rsquo;enfant rampe alors jusqu&rsquo;au coeur de l&rsquo;orme. S&rsquo;y installe, S&rsquo;y sent bien. Y grandit.  \u00bb<\/span><\/a><\/div><div class=\"su-custom-gallery-slide\" style=\"width:90px;height:90px\"><a href=\"http:\/\/www.cecileboucher.com\/wp-content\/uploads\/2014\/05\/d.jpg\" title=\"Abjection d, estampe num\u00e9rique sur papier et sur ac\u00e9tate, 213 x 72 cm, Axe N\u00e9o7, 2003 &#8211; texte &#8211; Dani\u00e8le Vall\u00e9e : \u00ab Toute la seive coule maintenant dans les veines de l&rsquo;enfant pour le nourrir. Il m\u00fbrit. Il se transforme. D\u00e9j\u00e0 un homme.  \u00bb\"><img loading=\"lazy\" decoding=\"async\" src=\"http:\/\/www.cecileboucher.com\/wp-content\/uploads\/2014\/05\/d-90x90.jpg\" alt=\"Abjection d, estampe num\u00e9rique sur papier et sur ac\u00e9tate, 213 x 72 cm, Axe N\u00e9o7, 2003 &#8211; texte &#8211; Dani\u00e8le Vall\u00e9e : \u00ab Toute la seive coule maintenant dans les veines de l&rsquo;enfant pour le nourrir. Il m\u00fbrit. Il se transforme. D\u00e9j\u00e0 un homme.  \u00bb\" width=\"90\" height=\"90\" \/><span class=\"su-custom-gallery-title\">Abjection d, estampe num\u00e9rique sur papier et sur ac\u00e9tate, 213 x 72 cm, Axe N\u00e9o7, 2003 &#8211; texte &#8211; Dani\u00e8le Vall\u00e9e : \u00ab Toute la seive coule maintenant dans les veines de l&rsquo;enfant pour le nourrir. Il m\u00fbrit. Il se transforme. D\u00e9j\u00e0 un homme.  \u00bb<\/span><\/a><\/div><div class=\"su-custom-gallery-slide\" style=\"width:90px;height:90px\"><a href=\"http:\/\/www.cecileboucher.com\/wp-content\/uploads\/2014\/05\/e.jpg\" title=\"Abjection e, estampe num\u00e9rique sur papier et sur ac\u00e9tate, 213 x 72 cm, Axe N\u00e9o7, 2003 -texte &#8211; Dani\u00e8le Vall\u00e9e : \u00ab Des printemps se succ\u00e8dent et voici qu&rsquo;une protub\u00e9rance bossue \u00e9merge du tronc au f\u00eate de l&rsquo;arbre. Une t\u00eate humaine, toute difforme, de chair et de bois appara\u00eet. L&rsquo;arbre prend des allures d&rsquo;homme et l&rsquo;orme se fait homme. \u00bb\"><img loading=\"lazy\" decoding=\"async\" src=\"http:\/\/www.cecileboucher.com\/wp-content\/uploads\/2014\/05\/e-90x90.jpg\" alt=\"Abjection e, estampe num\u00e9rique sur papier et sur ac\u00e9tate, 213 x 72 cm, Axe N\u00e9o7, 2003 -texte &#8211; Dani\u00e8le Vall\u00e9e : \u00ab Des printemps se succ\u00e8dent et voici qu&rsquo;une protub\u00e9rance bossue \u00e9merge du tronc au f\u00eate de l&rsquo;arbre. Une t\u00eate humaine, toute difforme, de chair et de bois appara\u00eet. L&rsquo;arbre prend des allures d&rsquo;homme et l&rsquo;orme se fait homme. \u00bb\" width=\"90\" height=\"90\" \/><span class=\"su-custom-gallery-title\">Abjection e, estampe num\u00e9rique sur papier et sur ac\u00e9tate, 213 x 72 cm, Axe N\u00e9o7, 2003 -texte &#8211; Dani\u00e8le Vall\u00e9e : \u00ab Des printemps se succ\u00e8dent et voici qu&rsquo;une protub\u00e9rance bossue \u00e9merge du tronc au f\u00eate de l&rsquo;arbre. Une t\u00eate humaine, toute difforme, de chair et de bois appara\u00eet. L&rsquo;arbre prend des allures d&rsquo;homme et l&rsquo;orme se fait homme. \u00bb<\/span><\/a><\/div><div class=\"su-custom-gallery-slide\" style=\"width:90px;height:90px\"><a href=\"http:\/\/www.cecileboucher.com\/wp-content\/uploads\/2014\/05\/f.jpg\" title=\"Abjection f, estampe num\u00e9rique sur papier et sur ac\u00e9tate, 213 x 72 cm, Axe N\u00e9o7, 2003 -texte &#8211; Dani\u00e8le Vall\u00e9e : \u00ab D\u00e9sormais, l&rsquo;homme ne parle plus, il ne fait que siffler dans le vent avec ses fr\u00e8res arbres, en veillant sur sa terre. \u00bb\"><img loading=\"lazy\" decoding=\"async\" src=\"http:\/\/www.cecileboucher.com\/wp-content\/uploads\/2014\/05\/f-90x90.jpg\" alt=\"Abjection f, estampe num\u00e9rique sur papier et sur ac\u00e9tate, 213 x 72 cm, Axe N\u00e9o7, 2003 -texte &#8211; Dani\u00e8le Vall\u00e9e : \u00ab D\u00e9sormais, l&rsquo;homme ne parle plus, il ne fait que siffler dans le vent avec ses fr\u00e8res arbres, en veillant sur sa terre. \u00bb\" width=\"90\" height=\"90\" \/><span class=\"su-custom-gallery-title\">Abjection f, estampe num\u00e9rique sur papier et sur ac\u00e9tate, 213 x 72 cm, Axe N\u00e9o7, 2003 -texte &#8211; Dani\u00e8le Vall\u00e9e : \u00ab D\u00e9sormais, l&rsquo;homme ne parle plus, il ne fait que siffler dans le vent avec ses fr\u00e8res arbres, en veillant sur sa terre. \u00bb<\/span><\/a><\/div><div class=\"su-clear\"><\/div><\/div><\/span><\/p>\n<p>&nbsp;<\/p>\n","protected":false},"excerpt":{"rendered":"<p>Je questionne les valeurs actuelles de nos soci\u00e9t\u00e9s bas\u00e9es sur l\u2019apparence, l\u2019image et la beaut\u00e9. Aussi, notre incapacit\u00e9 intrins\u00e8que \u00e0 regarder et admettre l\u2019inusit\u00e9, la diff\u00e9rence, l\u2019erreur face \u00e0 ce que m\u00e9dias et technologies nous proposent et imposent comme normalit\u00e9 incontestable. \u00c9poque de r\u00e9volution et de manipulations g\u00e9n\u00e9tiques multiples, \u00e9poque de red\u00e9finition de l\u2019espace-temps avec [&hellip;]<\/p>\n","protected":false},"author":1,"featured_media":0,"parent":1907,"menu_order":5,"comment_status":"closed","ping_status":"closed","template":"","meta":{"footnotes":""},"class_list":["post-851","page","type-page","status-publish","hentry"],"_links":{"self":[{"href":"http:\/\/www.cecileboucher.com\/index.php?rest_route=\/wp\/v2\/pages\/851","targetHints":{"allow":["GET"]}}],"collection":[{"href":"http:\/\/www.cecileboucher.com\/index.php?rest_route=\/wp\/v2\/pages"}],"about":[{"href":"http:\/\/www.cecileboucher.com\/index.php?rest_route=\/wp\/v2\/types\/page"}],"author":[{"embeddable":true,"href":"http:\/\/www.cecileboucher.com\/index.php?rest_route=\/wp\/v2\/users\/1"}],"replies":[{"embeddable":true,"href":"http:\/\/www.cecileboucher.com\/index.php?rest_route=%2Fwp%2Fv2%2Fcomments&post=851"}],"version-history":[{"count":41,"href":"http:\/\/www.cecileboucher.com\/index.php?rest_route=\/wp\/v2\/pages\/851\/revisions"}],"predecessor-version":[{"id":3237,"href":"http:\/\/www.cecileboucher.com\/index.php?rest_route=\/wp\/v2\/pages\/851\/revisions\/3237"}],"up":[{"embeddable":true,"href":"http:\/\/www.cecileboucher.com\/index.php?rest_route=\/wp\/v2\/pages\/1907"}],"wp:attachment":[{"href":"http:\/\/www.cecileboucher.com\/index.php?rest_route=%2Fwp%2Fv2%2Fmedia&parent=851"}],"curies":[{"name":"wp","href":"https:\/\/api.w.org\/{rel}","templated":true}]}}