{"id":307,"date":"2014-02-10T11:34:14","date_gmt":"2014-02-10T16:34:14","guid":{"rendered":"http:\/\/www.cecileboucher.com\/?page_id=307"},"modified":"2022-07-12T18:13:07","modified_gmt":"2022-07-12T22:13:07","slug":"galerie-2","status":"publish","type":"page","link":"http:\/\/www.cecileboucher.com\/?page_id=307","title":{"rendered":"2013"},"content":{"rendered":"\r\n<p><a href=\"https:\/\/twitter.com\/VoixVisuelle\/status\/1284214276945858560\/photo\/2\" target=\"_blank\" rel=\"noopener\"><strong>Ant\u00e9m\u00e9moire<\/strong><\/a><\/p>\r\n\r\n<p>La compilation des donn\u00e9es sur l&rsquo;\u00e9tat des cours d\u2019eau et des mers nous avertit que notre plan\u00e8te est en disgr\u00e2ce. Des cartes g\u00e9ographiques anciennes, des structures form\u00e9es par l\u2019accumulation de coquillages et d\u2019anneaux, des plaques d\u2019ordinateurs provoquent ma r\u00e9flexion. Ces \u00e9l\u00e9ments s\u2019emm\u00ealent et s\u2019entrem\u00ealent dans un contexte d\u2019urgence. Nous sommes t\u00e9moins de l&rsquo;\u00e9clatement des fronti\u00e8res, des r\u00e9alit\u00e9s, des perceptions.<\/p>\r\n<p style=\"text-align: justify;\"><div class=\"su-custom-gallery su-custom-gallery-align-left su-custom-gallery-title-never su-lightbox-gallery\"><div class=\"su-custom-gallery-slide\" style=\"width:90px;height:90px\"><a href=\"http:\/\/www.cecileboucher.com\/wp-content\/uploads\/2014\/04\/Boucher_Plancher.jpg\" title=\"Plancher, estampe num\u00e9rique sur polypropyl\u00e8ne, 100 x 75 cm, 2013\"><img loading=\"lazy\" decoding=\"async\" src=\"http:\/\/www.cecileboucher.com\/wp-content\/uploads\/2014\/04\/Boucher_Plancher-90x90.jpg\" alt=\"Plancher, estampe num\u00e9rique sur polypropyl\u00e8ne, 100 x 75 cm, 2013\" width=\"90\" height=\"90\" \/><span class=\"su-custom-gallery-title\">Plancher, estampe num\u00e9rique sur polypropyl\u00e8ne, 100 x 75 cm, 2013<\/span><\/a><\/div><div class=\"su-custom-gallery-slide\" style=\"width:90px;height:90px\"><a href=\"http:\/\/www.cecileboucher.com\/wp-content\/uploads\/2014\/02\/01_Encercler_Jet-dencre-sur-polypropyl\u00e8ne_100-X-75-cm.jpg\" title=\"Encercler, estampe num\u00e9rique sur polypropyl\u00e8ne, 100 X 75 cm, 2013\"><img loading=\"lazy\" decoding=\"async\" src=\"http:\/\/www.cecileboucher.com\/wp-content\/uploads\/2014\/02\/01_Encercler_Jet-dencre-sur-polypropyl\u00e8ne_100-X-75-cm-90x90.jpg\" alt=\"Encercler, estampe num\u00e9rique sur polypropyl\u00e8ne, 100 X 75 cm, 2013\" width=\"90\" height=\"90\" \/><span class=\"su-custom-gallery-title\">Encercler, estampe num\u00e9rique sur polypropyl\u00e8ne, 100 X 75 cm, 2013<\/span><\/a><\/div><div class=\"su-custom-gallery-slide\" style=\"width:90px;height:90px\"><a href=\"http:\/\/www.cecileboucher.com\/wp-content\/uploads\/2014\/04\/08_Blocage.jpg\" title=\"Blocage, estampe num\u00e9rique sur polypropyl\u00e8ne, 100 x 75 cm, 2013\"><img loading=\"lazy\" decoding=\"async\" src=\"http:\/\/www.cecileboucher.com\/wp-content\/uploads\/2014\/04\/08_Blocage-90x90.jpg\" alt=\"Blocage, estampe num\u00e9rique sur polypropyl\u00e8ne, 100 x 75 cm, 2013\" width=\"90\" height=\"90\" \/><span class=\"su-custom-gallery-title\">Blocage, estampe num\u00e9rique sur polypropyl\u00e8ne, 100 x 75 cm, 2013<\/span><\/a><\/div><div class=\"su-custom-gallery-slide\" style=\"width:90px;height:90px\"><a href=\"http:\/\/www.cecileboucher.com\/wp-content\/uploads\/2014\/04\/09_Lign\u00e9e.jpg\" title=\"Lign\u00e9e, estampe num\u00e9rique sur polypropyl\u00e8ne, 100 x 75 cm, 2013\"><img loading=\"lazy\" decoding=\"async\" src=\"http:\/\/www.cecileboucher.com\/wp-content\/uploads\/2014\/04\/09_Lign\u00e9e-90x90.jpg\" alt=\"Lign\u00e9e, estampe num\u00e9rique sur polypropyl\u00e8ne, 100 x 75 cm, 2013\" width=\"90\" height=\"90\" \/><span class=\"su-custom-gallery-title\">Lign\u00e9e, estampe num\u00e9rique sur polypropyl\u00e8ne, 100 x 75 cm, 2013<\/span><\/a><\/div><div class=\"su-custom-gallery-slide\" style=\"width:90px;height:90px\"><a href=\"http:\/\/www.cecileboucher.com\/wp-content\/uploads\/2014\/04\/07_\u00c9nergivore.jpg\" title=\"\u00c9nergivore, estampe num\u00e9rique sur polypropyl\u00e8ne, 100 x 75 cm, 2013\"><img loading=\"lazy\" decoding=\"async\" src=\"http:\/\/www.cecileboucher.com\/wp-content\/uploads\/2014\/04\/07_\u00c9nergivore-90x90.jpg\" alt=\"\u00c9nergivore, estampe num\u00e9rique sur polypropyl\u00e8ne, 100 x 75 cm, 2013\" width=\"90\" height=\"90\" \/><span class=\"su-custom-gallery-title\">\u00c9nergivore, estampe num\u00e9rique sur polypropyl\u00e8ne, 100 x 75 cm, 2013<\/span><\/a><\/div><div class=\"su-custom-gallery-slide\" style=\"width:90px;height:90px\"><a href=\"http:\/\/www.cecileboucher.com\/wp-content\/uploads\/2014\/04\/Boucher_Fuite.jpg\" title=\"Fuite, estampe num\u00e9rique sur polypropyl\u00e8ne, 100x 75 cm, 2013\"><img loading=\"lazy\" decoding=\"async\" src=\"http:\/\/www.cecileboucher.com\/wp-content\/uploads\/2014\/04\/Boucher_Fuite-90x90.jpg\" alt=\"Fuite, estampe num\u00e9rique sur polypropyl\u00e8ne, 100x 75 cm, 2013\" width=\"90\" height=\"90\" \/><span class=\"su-custom-gallery-title\">Fuite, estampe num\u00e9rique sur polypropyl\u00e8ne, 100x 75 cm, 2013<\/span><\/a><\/div><div class=\"su-custom-gallery-slide\" style=\"width:90px;height:90px\"><a href=\"http:\/\/www.cecileboucher.com\/wp-content\/uploads\/2014\/04\/Green-4.jpg\" title=\"Green, estampe num\u00e9rique sur polypropyl\u00e8ne, 100 x 75 cm, 2013\"><img loading=\"lazy\" decoding=\"async\" src=\"http:\/\/www.cecileboucher.com\/wp-content\/uploads\/2014\/04\/Green-4-90x90.jpg\" alt=\"Green, estampe num\u00e9rique sur polypropyl\u00e8ne, 100 x 75 cm, 2013\" width=\"90\" height=\"90\" \/><span class=\"su-custom-gallery-title\">Green, estampe num\u00e9rique sur polypropyl\u00e8ne, 100 x 75 cm, 2013<\/span><\/a><\/div><div class=\"su-custom-gallery-slide\" style=\"width:90px;height:90px\"><a href=\"http:\/\/www.cecileboucher.com\/wp-content\/uploads\/2014\/04\/05_Flot.jpg\" title=\"Flot, estape num\u00e9rique sur polypropyl\u00e8ne, 100 x 75 cm, 2013\"><img loading=\"lazy\" decoding=\"async\" src=\"http:\/\/www.cecileboucher.com\/wp-content\/uploads\/2014\/04\/05_Flot-90x90.jpg\" alt=\"Flot, estape num\u00e9rique sur polypropyl\u00e8ne, 100 x 75 cm, 2013\" width=\"90\" height=\"90\" \/><span class=\"su-custom-gallery-title\">Flot, estape num\u00e9rique sur polypropyl\u00e8ne, 100 x 75 cm, 2013<\/span><\/a><\/div><div class=\"su-custom-gallery-slide\" style=\"width:90px;height:90px\"><a href=\"http:\/\/www.cecileboucher.com\/wp-content\/uploads\/2014\/04\/Rafle.jpg\" title=\"Rafle, estampe num\u00e9rique sur polypropyl\u00e8ne, 120 x 100 cm, 2013\"><img loading=\"lazy\" decoding=\"async\" src=\"http:\/\/www.cecileboucher.com\/wp-content\/uploads\/2014\/04\/Rafle-90x90.jpg\" alt=\"Rafle, estampe num\u00e9rique sur polypropyl\u00e8ne, 120 x 100 cm, 2013\" width=\"90\" height=\"90\" \/><span class=\"su-custom-gallery-title\">Rafle, estampe num\u00e9rique sur polypropyl\u00e8ne, 120 x 100 cm, 2013<\/span><\/a><\/div><div class=\"su-custom-gallery-slide\" style=\"width:90px;height:90px\"><a href=\"http:\/\/www.cecileboucher.com\/wp-content\/uploads\/2014\/04\/04_Snow-bird.jpg\" title=\"Snow bird, estampe num\u00e9rique sur polypropyl\u00e8ne, 100 x 75 cm, 2013\"><img loading=\"lazy\" decoding=\"async\" src=\"http:\/\/www.cecileboucher.com\/wp-content\/uploads\/2014\/04\/04_Snow-bird-90x90.jpg\" alt=\"Snow bird, estampe num\u00e9rique sur polypropyl\u00e8ne, 100 x 75 cm, 2013\" width=\"90\" height=\"90\" \/><span class=\"su-custom-gallery-title\">Snow bird, estampe num\u00e9rique sur polypropyl\u00e8ne, 100 x 75 cm, 2013<\/span><\/a><\/div><div class=\"su-custom-gallery-slide\" style=\"width:90px;height:90px\"><a href=\"http:\/\/www.cecileboucher.com\/wp-content\/uploads\/2014\/04\/Terre.jpg\" title=\"Terre, estampe num\u00e9rique sur polypropyl\u00e8ne, 100 x 75 cm, 2013\"><img loading=\"lazy\" decoding=\"async\" src=\"http:\/\/www.cecileboucher.com\/wp-content\/uploads\/2014\/04\/Terre-90x90.jpg\" alt=\"Terre, estampe num\u00e9rique sur polypropyl\u00e8ne, 100 x 75 cm, 2013\" width=\"90\" height=\"90\" \/><span class=\"su-custom-gallery-title\">Terre, estampe num\u00e9rique sur polypropyl\u00e8ne, 100 x 75 cm, 2013<\/span><\/a><\/div><div class=\"su-custom-gallery-slide\" style=\"width:90px;height:90px\"><a href=\"http:\/\/www.cecileboucher.com\/wp-content\/uploads\/2014\/05\/Mer_Jet-dencre-sur-Dibond_100-X-75-cm.jpg\" title=\"Mer,  Jet d&rsquo;encre sur Dibond, 100 X 75 cm, 2013\"><img loading=\"lazy\" decoding=\"async\" src=\"http:\/\/www.cecileboucher.com\/wp-content\/uploads\/2014\/05\/Mer_Jet-dencre-sur-Dibond_100-X-75-cm-90x90.jpg\" alt=\"Mer,  Jet d&rsquo;encre sur Dibond, 100 X 75 cm, 2013\" width=\"90\" height=\"90\" \/><span class=\"su-custom-gallery-title\">Mer,  Jet d&rsquo;encre sur Dibond, 100 X 75 cm, 2013<\/span><\/a><\/div><div class=\"su-clear\"><\/div><\/div>","protected":false},"excerpt":{"rendered":"<p>Ant\u00e9m\u00e9moire La compilation des donn\u00e9es sur l&rsquo;\u00e9tat des cours d\u2019eau et des mers nous avertit que notre plan\u00e8te est en disgr\u00e2ce. Des cartes g\u00e9ographiques anciennes, des structures form\u00e9es par l\u2019accumulation de coquillages et d\u2019anneaux, des plaques d\u2019ordinateurs provoquent ma r\u00e9flexion. Ces \u00e9l\u00e9ments s\u2019emm\u00ealent et s\u2019entrem\u00ealent dans un contexte d\u2019urgence. Nous sommes t\u00e9moins de l&rsquo;\u00e9clatement des [&hellip;]<\/p>\n","protected":false},"author":1,"featured_media":0,"parent":928,"menu_order":8,"comment_status":"closed","ping_status":"closed","template":"","meta":{"footnotes":""},"class_list":["post-307","page","type-page","status-publish","hentry"],"_links":{"self":[{"href":"http:\/\/www.cecileboucher.com\/index.php?rest_route=\/wp\/v2\/pages\/307","targetHints":{"allow":["GET"]}}],"collection":[{"href":"http:\/\/www.cecileboucher.com\/index.php?rest_route=\/wp\/v2\/pages"}],"about":[{"href":"http:\/\/www.cecileboucher.com\/index.php?rest_route=\/wp\/v2\/types\/page"}],"author":[{"embeddable":true,"href":"http:\/\/www.cecileboucher.com\/index.php?rest_route=\/wp\/v2\/users\/1"}],"replies":[{"embeddable":true,"href":"http:\/\/www.cecileboucher.com\/index.php?rest_route=%2Fwp%2Fv2%2Fcomments&post=307"}],"version-history":[{"count":74,"href":"http:\/\/www.cecileboucher.com\/index.php?rest_route=\/wp\/v2\/pages\/307\/revisions"}],"predecessor-version":[{"id":3228,"href":"http:\/\/www.cecileboucher.com\/index.php?rest_route=\/wp\/v2\/pages\/307\/revisions\/3228"}],"up":[{"embeddable":true,"href":"http:\/\/www.cecileboucher.com\/index.php?rest_route=\/wp\/v2\/pages\/928"}],"wp:attachment":[{"href":"http:\/\/www.cecileboucher.com\/index.php?rest_route=%2Fwp%2Fv2%2Fmedia&parent=307"}],"curies":[{"name":"wp","href":"https:\/\/api.w.org\/{rel}","templated":true}]}}